 12*j - 8*j. Let u(i) = i**2 + 10*i + 9. Give u(j).
0
Let x be (-2)/((-6)/69) + -2. Suppose 9 + x = -5*z. Let r(m) = -m - 6. Calculate r(z).
0
Let i(o) be the third derivative of o**4/8 + 24*o**2. What is i(-5)?
-15
Let o(f) = -2*f**2 + f + 1. Suppose 20 = 5*s + 5*u, 5*u - 16 + 6 = 5*s. Suppose -11 = -3*q + s. Suppose -q*y + 3*d - 11 = 0, -3 = y + d - 2*d. Determine o(y).
-9
Let x(z) = -3*z**3 - z**2 + 6*z + 1. Let t(n) = 3*n**3 + n**2 - 7*n. Let h(f) = -2*t(f) - 3*x(f). What is h(-2)?
-15
Let p(h) = -h**3 - 4*h**2 - h + 4. Let z(q) = -6*q + 1. Let d be z(-1). Suppose -3*u + 4 = -d*u, 5*v - 4*u + 1 = 0. Let n be v/(2/24*3). Give p(n).
8
Let y be (-56)/(-9) - (-2)/(-9). Let w(d) = -d + 243*d**2 + 241*d**2 + d**3 - 490*d**2. What is w(y)?
-6
Let p = 2 + 0. Let f(u) = p*u**2 - 4*u - 6*u**2 - u**3 + 2*u. Suppose -3*z = -8*z - 15. Determine f(z).
-3
Suppose 2*t - 64 = -4*u, -4*u = 2*t - 3*u - 55. Suppose 2*z - 5*y - t = 0, 2*z + 0*z = y + 10. Let h(i) = z - i - 3. Determine h(5).
-5
Suppose 3*v - 8*v + 5 = 0. Let i(p) be the second derivative of 2*p + 0 + 1/6*p**3 + 0*p**2 - 1/6*p**4 + 3/10*p**5. Calculate i(v).
5
Let a(c) = 4*c. Let u(k) = -20*k + 11*k + 0*k. Let l(p) = -p**3 - 5*p**2 - 5*p - 6. Let m be l(-4). Let g(b) = m*u(b) - 5*a(b). Determine g(-2).
4
Let q(z) = -4*z**2 + z + 2. Let w = 10 - 3. Let o = -5 + w. What is q(o)?
-12
Suppose 4 - 20 = 4*p. Let v be (-3)/6*p - -15. Let u = -12 + v. Let h(d) = -d**2 + 6*d + 5. Give h(u).
10
Let g(i) = 2 - 1 - i + 5*i**2 + 0*i. Suppose 5 = 5*r - 2*s, 5*s - 2*s - 4 = -4*r. Give g(r).
5
Let m(v) = -v**2 - 5*v + 9. Let j(h) = -h**3 - 3*h**2 + 5*h - 3. Let i be j(-4). What is m(i)?
-5
Let v(b) be the second derivative of 0*b**3 - 5/12*b**4 + 0*b**2 - 3*b - 1/20*b**5 + 0. Suppose -2*u - 7 = -3*j, 0*j + 3*j = -3. Determine v(u).
0
Let j(s) = 2*s + 0*s - 5 + 14. Determine j(-6).
-3
Let i = -5 + 8. Let z(a) = 5*a**3 - 3*a**2 + 6*a + 1. Let b(r) = 3*r**3 - 2*r**2 + 3*r + 1. Let s(j) = 7*b(j) - 4*z(j). Calculate s(i).
3
Let t = -10 - -16. Let b(d) = -t*d - d**2 + 4 - 1 - 1 + 2. Give b(-5).
9
Let y(x) = x**3 - x**2 + x + 1. Let f(w) = -3*w**3 + 3*w**2 - 4*w + 5. Let v(z) = f(z) + 4*y(z). What is v(0)?
9
Let t(w) = w**2 + 4*w + 1. Suppose 7*c + 2*o = 3*c + 40, -4*c + 40 = 5*o. Let z = c + -15. Determine t(z).
6
Let r(j) be the second derivative of j**4/12 + 5*j**3/6 + 5*j**2/2 - 3*j. What is r(-5)?
5
Let x(k) = -k**2 + 7*k + 2. Let i be x(6). Let s(n) = -n + 2. What is s(i)?
-6
Let c(w) = -4*w + 8. Let v be ((-2)/4)/(-3 + (-37)/(-12)). What is c(v)?
32
Let u(t) = 2*t - 6. Let r be u(4). Suppose z + c = 0, 3*z - r = 3*c + 10. Let x(f) = 3*f + 2 - z*f**2 - 3 + 0 + f**2. Determine x(4).
-5
Suppose 11 - 2 = -9*m. Let g(b) = -b**2 - 1. Let r(h) = -5 + 3 - h**3 + 2*h**2 + 5 - 2*h. Let w(x) = 4*g(x) + r(x). Give w(m).
0
Let f = 11 + -10. Let g(w) = 0*w - f - 2*w**2 - 2*w + 2*w. Suppose 0 = p - 0*p + 2. What is g(p)?
-9
Let o be (-2)/(-9) + ((-1600)/(-72))/(-10). Let q(f) = 9*f - 2. Determine q(o).
-20
Let w(h) be the third derivative of -h**6/120 - h**5/12 + 5*h**3/6 - 5*h**2. Determine w(-5).
5
Suppose 4*h + 12 = -2*h. Let c(w) = 2*w - 2. Calculate c(h).
-6
Let u = 18 + -18. Let q(f) = u*f**2 + 4*f**2 - 3*f**2 + 4*f**2 - 4*f + f**3 - 2. What is q(-6)?
-14
Let q(h) = 3*h**2 - 2*h. Let f(n) = n**2 + 7*n + 10. Let k be f(-4). Give q(k).
16
Let x(n) be the second derivative of -5*n**3/6 + n**2/2 - 3*n. Determine x(1).
-4
Let z(j) = -j**3 + 4*j**2 + 3*j - 4. Let v be 2/(-13) - 2358/(-117). Let b = v - 16. Give z(b).
8
Let d be 3/(1/(-8)*-3). Let n(q) = -q + 7. What is n(d)?
-1
Let u(j) be the third derivative of j**4/24 + 11*j**3/6 - 4*j**2 + 3*j. What is u(-6)?
5
Suppose 2*l = -3*l - 5. Let o = 1 - l. Let u(f) = -2*f**2 - 2*f**2 + 3*f + 3*f**2 + 0*f**o - 1. Calculate u(4).
-5
Suppose 34 = 3*u + 7. Let f(b) = b - 5. Calculate f(u).
4
Let q(a) = -7*a - 3. Let d(n) = 19*n + 9. Let v(c) = -4*d(c) - 11*q(c). What is v(4)?
1
Let b be 7/(-9) - (-5)/(180/(-8)). Let v(p) = -18*p + 1. Calculate v(b).
19
Let t be (2/6)/((-1)/(-9)). Let h(j) = j**3 - 4*j**2 + j + 1. What is h(t)?
-5
Let y(a) = 28*a + 2. Let d(s) = -41*s - 3. Let b(k) = 5*d(k) + 7*y(k). Determine b(3).
-28
Let l be ((-8)/(-5))/((-12)/(-30)). Let n(i) = -3 + 2*i + l - 2*i**2 - 6*i**2. Determine n(-1).
-9
Let n be 2 + (5 - 9) + 7. Let u(x) be the first derivative of -x**4/4 + 5*x**3/3 + 2*x - 2. Give u(n).
2
Let m(w) = 16 - 3*w**2 + 8*w**2 - 19 - w**3 + 7*w. Let f(p) = -p**3 - 3*p**2 - 3*p - 3. Let r be f(-3). Determine m(r).
3
Suppose 5*k = 5*z, -4*k = 4*z + k. Suppose z = -u - 3 + 5. Let s(a) = -a**2 + 2*a**2 + 3*a + 2 + u - 8. Calculate s(-3).
-4
Suppose -18 + 20 = f. Let m(n) be the second derivative of 0 - 1/2*n**f + 3*n - 2/3*n**3 + 1/20*n**5 - 1/3*n**4. What is m(5)?
4
Let y be (-1 + -5)*(-5)/(-10). Let h(s) = s. Determine h(y).
-3
Let q(o) = -5 - 5 - 11*o + 3 + 10*o. What is q(-7)?
0
Let t(h) = -4 + 64*h - 64*h + h**2. Give t(3).
5
Let h(u) = -u - 1. Let a(i) = -i**3 + 4*i**2 - 3*i + 3. Let k be a(4). Let t = -6 - k. Give h(t).
-4
Let b(m) = 2*m + 3. Suppose 2*h + 3*h + 5*r - 15 = 0, 5*h + r - 15 = 0. What is b(h)?
9
Let s(x) = x**3 - 7*x**2 + 7*x - 3. Let u be s(6). Let c(w) = -4*w + w**2 + 6*w + 6*w**u - w + 1. Let z(n) = n**2 - 5*n - 7. Let j be z(6). Determine c(j).
-5
Let w(b) = b**3 - 5*b - 2. Let i be 2 - -2 - (10 - 3). Calculate w(i).
-14
Let s be (16/2)/(-1)*-1. Let l = 13 - s. Suppose l*t - 1 = 4. Let m(b) = b + 1. What is m(t)?
2
Let c(z) = z**3 + 5*z**2 + 1. Let q be c(-5). Let j = -5 - q. Let f(g) = -g**2 - 5*g + 3. Give f(j).
-3
Let m = -3 - -5. Let o(h) = -m - 6 - 8*h + 5*h**2 + 3 + 5*h**3 - 4*h**3. Determine o(-6).
7
Suppose 0 = 5*d - 2*w - 17, -d + 6*d - 20 = 5*w. Let u(z) = 2*z**2 - z. Determine u(d).
15
Let r(x) = -x**3 + 4*x**2 - x. Let w be r(4). Let g be (-4)/6*(-18)/w. Let z(y) = 2*y**2 - 3*y**2 - 4 + 3 - 3*y. Calculate z(g).
-1
Let n(i) be the first derivative of i**4/4 - 2*i**3/3 - 2*i**2 + 1. Let k = 14 - 6. Let w = -5 + k. Calculate n(w).
-3
Suppose -6*s = -s - 5. Let y = s - 0. Let r(i) be the second derivative of 7*i**5/20 + i**4/6 - i**3/6 + 3*i. Give r(y).
8
Let p = -21 - -13. Let y be p/(-3)*(-9)/(-6). Let u(j) = 0*j - y*j + 6*j. Give u(1).
2
Let q(k) = -k**3 - 4*k**2 + 2*k + 4. Let c(u) = -3*u - 3. Let i be c(-2). Suppose -f + 4*f + 2*j = -6, f - i*j + 13 = 0. What is q(f)?
-4
Let k(o) be the second derivative of 0 + 1/3*o**3 - 1/2*o**4 - 3*o + 1/2*o**2. Calculate k(-1).
-7
Let b(w) = 4*w - 4*w + w**2 + 1 + 4*w + w. Give b(-2).
-5
Let q = -27 + 22. Let z(g) = -g**3 - 4*g**2 + 6*g - 1. Give z(q).
-6
Let w be (-8)/5 - 6/15. Let d(s) be the second derivative of -s**5/20 - s**4/6 + s**3/3 - 22*s. Calculate d(w).
-4
Let p(m) = m**3 - 5*m**2 - 3*m - 6. Let q(c) = c**3 - 5*c**2 - 3*c - 5. Let r(g) = -3*p(g) + 4*q(g). Determine r(6).
16
Let t(c) be the first derivative of 3*c**2 - 2*c - 10. Calculate t(4).
22
Let b(z) = -4*z**3 - z**2 + 2*z - 1. Let p(r) = -r**3 + r**2 + 4*r - 3. Let w be p(2). Determine b(w).
-4
Let q(j) = 2*j**3 - 3*j**2 - 8*j - 14. Let g(i) = i**3 - i**2 - 4*i - 7. Let w(a) = -5*g(a) + 3*q(a). Give w(5).
-2
Suppose -36 = d + d. Let f be 1 + -2 - d/6. Let j(l) = l**3 - l**2 + 1. Determine j(f).
5
Let g = -4 - 0. Let r(y) be the first derivative of y**3/3 + 3*y**2 + 5*y - 38. Give r(g).
-3
Let v(a) = -a**3 + 2*a**2 + 5*a - 3. Let b(z) = -z. Let y be b(-5). Let g(d) = d**2 - 6*d + 8. Let x be g(y). Calculate v(x).
3
Suppose 0 = j + 5 - 6. Let m be (-4 - -3)/((-1)/j). Let p(o) = 3*o**3 - 2*o**2 + 1. Determine p(m).
2
Let l(f) = -f**3 - f**2 - f**3 + f**3 - 2. Let u be (-1377)/(-36) + 2/(-8). Let a = 36 - u. Calculate l(a).
2
Let f(i) = -5*i + 3. Let u(g) be the first derivative of g**2/2 - g - 2. Let h(w) = -f(w) - 4*u(w). Calculate h(2).
3
Let x(t) = -t**3 + t**2 + t - 2. Suppose 3*w - 9 = -f, -4 = 3*w + 3*f - 19. Determine x(w).
-4
Let m(z) = -z**2 + 14*z - 13. Let d be m(13). Suppose d*t - t = 6. Let h(f) = -f + 2. Determine h(t).
8
Let z(k) = -6*k - 22*k**2 - 31*k**2 + 52*k**2 + 2. Determine z(-3).
11
Let v be 9/2*6/9. Suppose v*i = -8 - 4. Let z(m) be the first derivative of m**4/4 + m**3 - 3*m**2 - 4*m - 3. Determine z(i).
4
Suppose 0*h + 2*h + 20 = 0. Let o be ((-8)/10)/(2/h). Let g(r) = r**3 + r**2 - 1. Let y(